 d.
25
Suppose 3*o = 8*o + 25, -l = -3*o - 29. What is the remainder when 50 is divided by l?
8
Let c = 1 + 0. Let n = 2 + c. Let f(q) = -205*q + 422. Calculate the remainder when f(2) is divided by n.
0
Let f = -7 - -28. Calculate the remainder when f is divided by (-260)/(-25) - (-2)/(-5).
1
Calculate the remainder when (-132)/(-30) - (-2)/(-5) is divided by (-1)/(-2) - 40/(-16).
1
Suppose 1194 = -76*v + 10846. Calculate the remainder when 1265 is divided by v.
122
What is the remainder when -3 + (5 - -1)*135 is divided by 90?
87
What is the remainder when ((-338)/3)/(((-98)/(-21))/(-7)) is divided by 3?
1
What is the remainder when (2/(-6))/(15/(-2340)) is divided by 18?
16
Suppose -15 = 5*f, -5*r + f = -7*r + 327. What is the remainder when r is divided by 35?
25
Let x(j) = -2*j**2 + 28*j + 1. Let d be x(17). Let g = -70 - d. Calculate the remainder when 183 is divided by g.
28
What is the remainder when 523 is divided by 6/(-15)*5 + 25?
17
Let y = 314 + -213. What is the remainder when y is divided by 8?
5
Let o = 245 + 760. What is the remainder when o is divided by 12?
9
Let f be 36/(-8)*4/(-3). Let j = -4 + f. Let d(k) = 9*k + 1. What is the remainder when 36 is divided by d(j)?
17
Let u(l) = 3*l**3 - 7*l**2 + l - 7. What is the remainder when u(4) is divided by 30?
17
Suppose -33 = 5*y - 98. Calculate the remainder when 51 is divided by y.
12
Suppose 0 = 4*q - 7*q + 123. Suppose -5*w - 28 = -7*w. Calculate the remainder when q is divided by w.
13
Let k(q) = -q**2 - 2*q + 18. Let n be k(7). Let z = n + 74. What is the remainder when z is divided by 16?
13
Let v(g) = -15*g + 137. What is the remainder when v(-9) is divided by 31?
24
Let a(w) = 2. Let q(g) = 12*g + 10. Let y(h) = -3*a(h) + q(h). Let z = 8 - 3. What is the remainder when y(z) is divided by 33?
31
Let m = 86 + -49. Let z(s) = s**2 - 27*s - 142. Calculate the remainder when z(36) is divided by m.
34
Let u = -454 - -474. What is the remainder when 33 is divided by u?
13
Suppose -2*b + 66 + 72 = 0. Calculate the remainder when b is divided by 12.
9
Let s(v) = v**2 - v - 54. What is the remainder when s(17) is divided by 73?
72
Let w(n) = 3*n**3 - 2*n**2 + 3*n - 2. Let a be w(1). Suppose -a*m - 2 = -28. What is the remainder when 24 is divided by m?
11
Let q = -16 + 20. Suppose 0 = -q*b + 68 + 56. Calculate the remainder when 92 is divided by b.
30
Calculate the remainder when 60 is divided by 300/(-240) + (485/4)/5.
14
Let m(w) = -w**2 + 33*w - 236. Calculate the remainder when 126 is divided by m(21).
14
Let f(a) = -a + 1. Let n be f(-10). Suppose -13*o + 44 = -n*o. Calculate the remainder when 85 is divided by o.
19
Suppose -27*b = -34*b + 70. What is the remainder when 297 is divided by b?
7
Calculate the remainder when 164 is divided by 9694/666 + (1 - 10/18).
14
Calculate the remainder when 14/(-42)*-21 - -4*587 is divided by 76.
75
Suppose 4 - 2 = -z, -4*i = -4*z - 20. Let s(c) = -6*c + 201. Calculate the remainder when s(26) is divided by 1 + i/(6/46).
21
Let g = -633 + 700. Calculate the remainder when g is divided by 39.
28
Let l = -8 + 19. Calculate the remainder when 1 - 4/(-8) - 316/(-8) is divided by l.
8
Let q = -1 - -1. Suppose 0 = f - l - 13, -3*f - 3*l + 33 - 6 = q. Let w = 335 - 292. Calculate the remainder when w is divided by f.
10
What is the remainder when 105 is divided by (-56)/(-20)*(-15 + 20)?
7
Let l = -22 - 15. Suppose i - 91 = -25. Let x = i + l. Calculate the remainder when x is divided by 16.
13
Let u(g) = -2*g**2 + 32*g - 23. Calculate the remainder when u(13) is divided by 12.
7
Suppose 134 = 5*b + p, -p = 3*b + p - 86. Suppose -8 = 4*k - 64. What is the remainder when b is divided by k?
12
Suppose 47 = -2*i - 4*l + 17, 4*i + 53 = -l. Suppose 79 - 19 = -5*x. Calculate the remainder when (i/(-2))/((-6)/x) is divided by 7.
6
Suppose 7278 = 6*j - 186. What is the remainder when j is divided by 7?
5
Let m(j) = -j**2 - 21*j + 278. What is the remainder when (20 - 0)*(1 - 0) is divided by m(-30)?
4
Let z be (1 - 78/24)/((-6)/16). Suppose 2*j + z = 114. What is the remainder when j is divided by 20?
14
Suppose -x - 1296 = -4*b + 776, -3*b = -4*x - 1541. Calculate the remainder when b is divided by 29.
26
Suppose -p + 3*p - 14 = 0. Suppose 2*r - 36 = -5*g, 5*g + 4*r - 39 = -p. Calculate the remainder when (-4)/g*-2*23 is divided by 13.
10
Let p(t) = -28*t - 196. Calculate the remainder when 41 is divided by p(-8).
13
Let z(c) be the second derivative of -1/12*c**4 + 0*c**3 + 5/2*c**2 - 2*c + 0. What is the remainder when z(0) is divided by 2?
1
Let b = 11 + -9. Suppose -10 = -s - b. Calculate the remainder when s is divided by 5.
3
Let t be (-1)/(-3) - 5/(-3). Suppose -5*l + 2*l + t*v = -143, -146 = -3*l + 5*v. What is the remainder when l is divided by 8?
7
Let v(b) = -b**2 + 46*b - 177. What is the remainder when v(23) is divided by 72?
64
Let u(q) = 15*q + 9*q - 6 - 15*q - 11. What is the remainder when 55 is divided by u(5)?
27
Let n be 2 - (-5)/(-3) - 1688/(-12). Let s = -60 + n. What is the remainder when s is divided by 41?
40
Suppose -8*l + 10*l = 28. Suppose 0 = -5*w - 0*w + 20. Suppose 0 = 3*p + w*r - 5, -3*r - 2*r - 2 = p. Calculate the remainder when l is divided by p.
2
Suppose 0*x + 2*x - 358 = -2*h, 4*h + 868 = 5*x. Suppose -2*l = a - 100, 4*l = 4*a + 12 + x. Calculate the remainder when l is divided by (-8)/6*(-78)/4.
23
Let b = -64 - -170. Suppose 5 = 3*a - 5*o, 0 = -a + o + 26 - 23. Suppose 159 = a*v + 24. Calculate the remainder when b is divided by v.
25
Let c be -2 - (0 - 1)*2. Suppose 3*v + 2*g - g = 25, 3*g - 12 = c. What is the remainder when 26 is divided by v?
5
Let a(i) = i**3 - 2*i**2 + 1. Let y be (-1 - 2 - -3) + 3. Let b be a(y). Calculate the remainder when 43 is divided by (-97)/(-9) + b/45.
10
Calculate the remainder when 221 is divided by (21/12)/(23/1472).
109
Let i = -34 - -31. Calculate the remainder when 177/i*((-2 - 3) + 2) is divided by 36.
33
Suppose 3*w - 5*w = 48. What is the remainder when 17 is divided by (w/(-42))/(4/70)?
7
Suppose 260 = 2*p + 3*t, t = p + 4*p - 616. Let o = p - 85. Let s = -14 - -35. What is the remainder when o is divided by s?
18
What is the remainder when 211 is divided by 1052/12 + 18/54?
35
Suppose 2462 - 302 = 16*l. What is the remainder when l is divided by 68?
67
Let h be -1*(0/(-5) - 3). Suppose 3*r + 15 = 8*r. Suppose h*v = c - 14, 3*v - 47 = -r*c + 7*v. Calculate the remainder when c is divided by 5.
2
Suppose 0 = -0*k - 3*k + 51. Suppose -22*i - 4 = -18*i, 5*j - 28 = -2*i. Calculate the remainder when k is divided by j.
5
Let h = 26 - 38. Let m(i) = 18*i - 44. Calculate the remainder when m(4) is divided by h/8*(-20)/3.
8
Suppose -2*q - 110 = -5*m, 4*q + 110 = 2*q - 5*m. Let z = q + 73. Calculate the remainder when 85 is divided by z.
13
Let b = -453 - -465. Calculate the remainder when 296 is divided by b.
8
Let n(a) = a + 48. Let t = -10 + 120. Calculate the remainder when t is divided by n(-19).
23
Suppose 3*w - x = -3*x + 5, 3*x - 14 = 2*w. Calculate the remainder when 51 is divided by (-1)/(3/(-38 + w)).
12
Let u(w) = 5*w**2 + 8*w - 2. Let c(z) = -z**2 - z. Let g(p) = 4*c(p) + u(p). Calculate the remainder when g(7) is divided by 7.
5
Suppose -3*r = -3*x - 0*x - 90, x = -5. Let w = 47 - r. Calculate the remainder when w is divided by 6.
4
Let i = 31 + -28. Let n be 408/5 + (-2)/(-5). Suppose 4*s + s - 79 = -i*b, 5*s + n = 4*b. Calculate the remainder when b is divided by 8.
7
Let o(n) = -6*n**2 - 124*n + 75. What is the remainder when 162 is divided by o(-21)?
30
Let m = 22 + -13. Calculate the remainder when (-2)/8 - (-10 + (-148)/16) is divided by m.
1
Suppose -20*i + 16*i - 2*a = -1196, 2*i - 600 = -2*a. What is the remainder when i is divided by 76?
70
Suppose -o = o - 142. Let j = 160 - o. Suppose 2*p = -y + 5, 5*y + 16 = 2*p + j. What is the remainder when 23 is divided by y?
10
Let s = 31 - 20. Calculate the remainder when 20*((-19)/(-15) - (-36)/108) is divided by s.
10
Let z be ((-9)/2)/(27/(-36)). Suppose 0 = 5*x + 4*o + 6 + z, 0 = -4*x + 5*o - 26. Let p = x + 10. What is the remainder when 10 is divided by p?
4
Let r(h) = -h**3 + 11*h + 7. What is the remainder when 156 is divided by r(-4)?
21
Suppose 4*v = -0*v + 48. Let u = 4 - -19. Calculate the remaind